t the prime factors of x.
2, 5, 43
Suppose 40*a = 1716457 - 147217. What are the prime factors of a?
3, 1453
Suppose 0 = 2*k - 5*v - 42346, 0 = -430*k + 435*k - 5*v - 105910. List the prime factors of k.
2, 5297
Suppose 13728 = 3*h - 5*p, -3*h + p + 4578 = -2*h. Suppose -2*i = -2*r - 2292, 0 = -8*i + 4*i + 3*r + h. List the prime factors of i.
3, 127
Let l be (28/(-5))/(20/(-50)). Let n = l - 12. Suppose 4*f + n*a + 2*a - 148 = 0, -5*a - 184 = -4*f. What are the prime factors of f?
41
Suppose 4 = 3*s + l - 2, -2*s = -l - 9. Suppose s*u = 4 + 2. Suppose 0*q + 5*j = -5*q + 310, 4*q = -u*j + 240. What are the prime factors of q?
2, 29
Let g(f) = 4*f**2 + 14*f + 29. Let p be g(-25). Suppose -4*w = -505 - p. What are the prime factors of w?
11, 61
Suppose -9*q + 5*q - 1690 = -2*c, q + 5*c = -450. Let m = 851 + q. List the prime factors of m.
2, 3, 71
Suppose 6871*b - 4058 = 6870*b. List the prime factors of b.
2, 2029
Let y(z) = -z**3 - z**2 + z + 305. Let a be y(0). Let i(d) = -10*d**2 - 15*d + 3. Let f be i(4). Let r = a + f. List the prime factors of r.
2, 11
Suppose 155*n = 39*n + 5072912. List the prime factors of n.
2, 13, 29
Suppose -r = 2*z - 234, 28*r = z + 27*r - 123. What are the prime factors of z?
7, 17
Suppose 0 = 7*p + 95 - 88. List the prime factors of ((-449)/4)/(-5*p/(-40)).
2, 449
Let j(s) = s**2 + 21*s + 7. Let t be j(-21). Let o = t + -3. Suppose -141 = -o*q + 99. What are the prime factors of q?
2, 3, 5
Suppose 5*k - 69043 = 2*p, -13835 = -16*k + 15*k - 4*p. What are the prime factors of k?
7, 1973
Suppose 2*p = 10, y - 3*y + p - 13 = 0. Let w(g) = -2*g - 3. Let s be w(y). Suppose 4*v - 54 = -s*o, 2*o = -0*o - 4. What are the prime factors of v?
2
Suppose -1140742 - 131534 = 12*c. List the prime factors of c/(-236) - 2/8.
449
Let d = 24 - 130. Let g be (d/(-4))/((-6)/(-12)). Let i = 97 - g. List the prime factors of i.
2, 11
Let u(s) = 12*s**3 - 10*s**2 - 3*s - 1. Let a be u(6). Let o = a + -1111. What are the prime factors of o?
2, 19, 29
Let w(h) = -h**3 + 9*h**2 - 6*h - 9. Let i be w(8). Suppose -2*t = -i*t. Suppose 6*n - 796 + 58 = t. What are the prime factors of n?
3, 41
Let x(a) = 4202*a**2 + 16*a + 14. List the prime factors of x(-1).
2, 3, 5, 7
Suppose -3*o + a = -34909 - 26615, o = -3*a + 20528. List the prime factors of o.
2, 5, 7, 293
Let p = 2035 - 1119. Let f = -135 + p. What are the prime factors of f?
11, 71
Let t = -414 + 428. Suppose -24*i = -t*i - 11030. What are the prime factors of i?
1103
Let j be (-2)/17 + 3086336/748. Let h = j + -2659. What are the prime factors of h?
3, 163
Let g(f) = 114*f**2 - 179*f + 2668. What are the prime factors of g(15)?
25633
Let x(f) = 30*f**2 + 33*f - 1. Suppose 4*q - 3 = 3*q. What are the prime factors of x(q)?
2, 23
Suppose -1349*u = -1347*u - 73123 + 8357. What are the prime factors of u?
13, 47, 53
Let p = 1266 - -83. List the prime factors of p.
19, 71
Suppose 11567 = j + 4*i - 7081, -7*j = i - 130509. What are the prime factors of j?
2, 59, 79
Suppose g = 2*d + 306, 3*g - 8*d + 11*d = 954. Suppose -1672 - g = -6*l. What are the prime factors of l?
331
Let o = -3 - -23. Suppose 0 = y + 2*q + 10, -5*y + q + 4*q - o = 0. What are the prime factors of 2/(-4) - (5 + 87/y)?
3
Let s be (34 + -28)/(6/6016). What are the prime factors of s/32 + (-4 - 1*-1)?
5, 37
Suppose -2*c - 2174 = -c - 15252. What are the prime factors of c?
2, 13, 503
What are the prime factors of (-18)/4*(-87568)/26 + 4 + -7?
3, 5051
Let m be (3/(-1))/(3/(-4)). Suppose 0 = -m*f - 3*f + 42. What are the prime factors of (-1 - 0)/(f/(-246))?
41
Let i be -1*(0 + (-108)/3). Suppose -5*v = -5*y - 45, 2*v + 5*y - y - i = 0. Suppose 0 = -4*u + v*u - 1096. What are the prime factors of u?
137
Let g be 7 - (-3 + 5 + 3). Suppose c - 4*l = 148, 0 = -5*c - g*l - 3*l + 615. What are the prime factors of c?
2
Let z(l) = -3*l**3 + 9*l**2 + 23*l - 81. What are the prime factors of z(-14)?
53, 181
Let p be 12/(-8) + 2 + 10/4. Suppose -p = -4*f + 5. Suppose 0 = -5*n + 2*n + f*q + 172, -4*n + q + 226 = 0. List the prime factors of n.
2, 7
Let m be -90*-12*(-2)/(-15). Let v(s) = 2*s**3 + 34*s**2 + 25*s - 30. Let f be v(-16). Let y = m - f. What are the prime factors of y?
2, 31
Let d = -6949 - -62592. List the prime factors of d.
7, 7949
Let l be 312/14 - 60/210. Suppose -2*b - 4*x + l = 0, 32 = 4*b - x - 21. What are the prime factors of b?
13
Suppose 0 = 5*m + 2*n - 14441, 0 = 4*m + m + 3*n - 14444. What are the prime factors of m?
2887
Let c(y) = -y**2 - 28*y - 33. Let b be c(-27). List the prime factors of 4*((-4)/(-6) + (-188)/b).
2
Suppose 2546530 = 203*w - 105*w. What are the prime factors of w?
5, 5197
Let c(z) = -61*z + 30. Let d(g) = 122*g - 63. Let w(m) = 9*c(m) + 4*d(m). What are the prime factors of w(-3)?
3, 67
Suppose 5*r = -276 - 9. Let q = -57 - r. Suppose -2*b + b + 44 = q. List the prime factors of b.
2, 11
Let p(i) = -i**3 + 12*i**2 + 6*i + 94. Let u be p(13). Let l(h) = -h**2 - 9*h. Let v be l(-7). Suppose 2*c = -6, 2*w + c + u*c = v. List the prime factors of w.
13
Suppose 23*d - 28*d + b + 22116 = 0, 3*d - 4*b = 13256. What are the prime factors of d?
2, 7, 79
Let a = -764 + 514. Let b = a - -453. Suppose 4*h + b = 579. What are the prime factors of h?
2, 47
List the prime factors of -11*(-23)/(-1265) + (290583/15 - 1).
3, 11, 587
Suppose 4*h - 29 + 17 = 0. Let t be h/3 - (-1)/((-1)/(-4)). Suppose -14*n + 1314 = -t*n. List the prime factors of n.
2, 73
Let j(p) = 26128*p + 4804. List the prime factors of j(2).
2, 3, 5, 317
Let r(p) = p**3 + 73*p**2 + 145*p + 1578. List the prime factors of r(-58).
2, 13, 839
Suppose 3*d - 3*p = 2*p + 33, -36 = -4*d + 4*p. Let y = 97 - 85. Suppose 360 = d*b - y. What are the prime factors of b?
2, 31
Suppose -5*f - 146 = -2*s, -87 = -2*s - 3*f + 75. Suppose -83*k + 720 = -s*k. List the prime factors of k.
2, 3
Let q = -10 - 8. Let p = q + 26. Suppose p*z = 3*z + 250. What are the prime factors of z?
2, 5
Suppose -2*w + n = 2*w - 190, 0 = 2*w + 5*n - 84. Let u = -45 + w. Suppose -u*h + 109 + 39 = 0. What are the prime factors of h?
2, 37
Let a(m) = 2704*m**2 + 63*m + 131. What are the prime factors of a(-2)?
3, 3607
Suppose 5*r = -4*k + 75, 5*k = 2*r - 6*r + 51. Let w be (-2)/(-4) + r/(-2). List the prime factors of (w/18)/((-1)/182).
7, 13
Suppose 0 = 44*h + 25119 - 151135. List the prime factors of h.
2, 179
Suppose -4*u - 2*c - 3*c - 8 = 0, 4*u + 4 = -4*c. Suppose 5*l + 3*j = 0, l + u*j = 2*l. Suppose l = -4*k + 134 - 30. What are the prime factors of k?
2, 13
Suppose 478*r = 472*r + 210. Suppose r*j = 38*j - 4524. What are the prime factors of j?
2, 13, 29
Let o = -22208 + 38626. What are the prime factors of o?
2, 8209
Let w(s) = s**3 + 21*s**2 + 3*s + 10. Let q be w(-21). Let t = q - -361. What are the prime factors of t?
2, 7, 11
Suppose 5*y = 0, 5*r + 6 = -y + 11. List the prime factors of r/((-1162)/194 + 6).
97
Suppose -302678 = -y - 8*y + 119728. List the prime factors of y.
2, 31, 757
Let o be (222/(-4))/(6/8). Let j(m) = -m**2 + 17*m + 61. Let w be j(20). Let v = w - o. What are the prime factors of v?
3, 5
Suppose -12*k = -9*k - 597. Let u = 297 - k. What are the prime factors of u?
2, 7
Let m(s) = 190*s**2 - 121*s - 1857. List the prime factors of m(-17).
2, 3, 5, 11, 167
Suppose -r + 2 = 5*z, -4*r - 2*z = 3*z - 8. Let v be (6 - 214/6)/((-2)/12). Suppose 3*m = -3*f + 183, 0*f + 3*f - v = r*m. List the prime factors of f.
2, 3, 5
Let r(a) = 3*a - 7. Let n be r(3). Suppose -5*p + 0 = -3*w - 10, 3*w + n = p. Suppose 4*m + 31 - 191 = w. List the prime factors of m.
2, 5
Let i = 123321 - 82116. List the prime factors of i.
3, 5, 41, 67
What are the prime factors of ((-1680)/392)/((-6)/54789)?
3, 5, 2609
Let u(r) be the first derivative of r**4/4 - r**3/3 - 3*r**2/2 + 216*r - 5. Let j be u(0). What are the prime factors of (-44)/(-110)*(j + (-2)/2)?
2, 43
List the prime factors of (29021 - 26)/((-87)/(-232)).
2, 5, 1933
List the prime factors of 14/49 - (1 - (-5)/((-35)/104361)).
2, 3727
Suppose -48743 = -z + 14*r - 11*r, -97534 = -2*z - 2*r. What are the prime factors of z?
48761
Suppose -83082 - 62910 = -42*v. What are the prime factors of v?
2, 11, 79
Let s(f) = -17*f**2 + 11*f - 475. Let v(x) = -4*x**2 + 3*x - 119. Let j(g) = 2*s(g) - 9*v(g). What are 